{"id":95,"date":"2025-04-10T15:28:37","date_gmt":"2025-04-10T19:28:37","guid":{"rendered":"https:\/\/alfacentaurica.com\/?page_id=95"},"modified":"2025-04-16T09:24:08","modified_gmt":"2025-04-16T13:24:08","slug":"gestion-integral-de-infraestructura-it-tecnologia-en-las-mejores-manos","status":"publish","type":"page","link":"https:\/\/alfacentaurica.com\/?page_id=95","title":{"rendered":"Gesti\u00f3n Integral de Infraestructura IT: Tecnolog\u00eda en las Mejores Manos"},"content":{"rendered":"\n<p>Nos encargamos de la gesti\u00f3n integral de tu infraestructura IT para que puedas centrarte en tu negocio. Supervisamos activamente tu infraestructura, asegurando que todo funcione sin problemas y tomando medidas preventivas para evitar interrupciones. <\/p>\n\n\n\n<figure class=\"wp-block-gallery has-nested-images columns-default is-cropped wp-block-gallery-1 is-layout-flex wp-block-gallery-is-layout-flex\">\n<figure class=\"wp-block-image size-large\"><img loading=\"lazy\" decoding=\"async\" width=\"1024\" height=\"538\" data-id=\"60\" src=\"https:\/\/alfacentaurica.com\/wp-content\/uploads\/2025\/04\/RESPALDO-ELECTRICO-1024x538.png\" alt=\"\" class=\"wp-image-60\" srcset=\"https:\/\/alfacentaurica.com\/wp-content\/uploads\/2025\/04\/RESPALDO-ELECTRICO-1024x538.png 1024w, https:\/\/alfacentaurica.com\/wp-content\/uploads\/2025\/04\/RESPALDO-ELECTRICO-300x158.png 300w, https:\/\/alfacentaurica.com\/wp-content\/uploads\/2025\/04\/RESPALDO-ELECTRICO-768x403.png 768w, https:\/\/alfacentaurica.com\/wp-content\/uploads\/2025\/04\/RESPALDO-ELECTRICO.png 1131w\" sizes=\"auto, (max-width: 1024px) 100vw, 1024px\" \/><\/figure>\n\n\n\n<figure class=\"wp-block-image size-large\"><img loading=\"lazy\" decoding=\"async\" width=\"1024\" height=\"576\" data-id=\"68\" src=\"https:\/\/alfacentaurica.com\/wp-content\/uploads\/2025\/04\/Alfacentaurica-4-1024x576.jpg\" alt=\"\" class=\"wp-image-68\" srcset=\"https:\/\/alfacentaurica.com\/wp-content\/uploads\/2025\/04\/Alfacentaurica-4-1024x576.jpg 1024w, https:\/\/alfacentaurica.com\/wp-content\/uploads\/2025\/04\/Alfacentaurica-4-300x169.jpg 300w, https:\/\/alfacentaurica.com\/wp-content\/uploads\/2025\/04\/Alfacentaurica-4-768x432.jpg 768w, https:\/\/alfacentaurica.com\/wp-content\/uploads\/2025\/04\/Alfacentaurica-4-1536x864.jpg 1536w, https:\/\/alfacentaurica.com\/wp-content\/uploads\/2025\/04\/Alfacentaurica-4.jpg 1920w\" sizes=\"auto, (max-width: 1024px) 100vw, 1024px\" \/><\/figure>\n\n\n\n<figure class=\"wp-block-image size-large\"><img loading=\"lazy\" decoding=\"async\" width=\"1024\" height=\"576\" data-id=\"63\" src=\"https:\/\/alfacentaurica.com\/wp-content\/uploads\/2025\/04\/Alfacentaurica-1024x576.jpg\" alt=\"\" class=\"wp-image-63\" srcset=\"https:\/\/alfacentaurica.com\/wp-content\/uploads\/2025\/04\/Alfacentaurica-1024x576.jpg 1024w, https:\/\/alfacentaurica.com\/wp-content\/uploads\/2025\/04\/Alfacentaurica-300x169.jpg 300w, https:\/\/alfacentaurica.com\/wp-content\/uploads\/2025\/04\/Alfacentaurica-768x432.jpg 768w, https:\/\/alfacentaurica.com\/wp-content\/uploads\/2025\/04\/Alfacentaurica-1536x864.jpg 1536w, https:\/\/alfacentaurica.com\/wp-content\/uploads\/2025\/04\/Alfacentaurica.jpg 1920w\" sizes=\"auto, (max-width: 1024px) 100vw, 1024px\" \/><\/figure>\n<\/figure>\n\n\n\n<p>La tecnolog\u00eda debe ser una herramienta para impulsar tu negocio, no una carga. Nos especializamos en la <strong>gesti\u00f3n integral de infraestructura IT<\/strong>, brind\u00e1ndote un servicio completo y confiable que asegura que todo funcione.<\/p>\n\n\n\n<p>\u00bfQu\u00e9 incluye nuestro servicio?<\/p>\n\n\n\n<ul class=\"wp-block-list\">\n<li><strong>Monitoreo Proactivo:<\/strong> Supervisamos activamente tu infraestructura para detectar y resolver posibles problemas antes de que afecten tus operaciones.<\/li>\n\n\n\n<li><strong>Prevenci\u00f3n de Interrupciones:<\/strong> Implementamos medidas preventivas para garantizar un rendimiento continuo y sin interrupciones.<\/li>\n\n\n\n<li><strong>Copias de Seguridad Regulares:<\/strong> Protegemos tus datos cr\u00edticos con respaldos peri\u00f3dicos que garantizan su disponibilidad en caso de cualquier eventualidad.<\/li>\n\n\n\n<li><strong>Tranquilidad y Eficiencia:<\/strong> Deja en nuestras manos los aspectos t\u00e9cnicos mientras t\u00fa te enfocas en el crecimiento de tu empresa.<\/li>\n<\/ul>\n\n\n\n<p>Nuestro objetivo es ser tu socio estrat\u00e9gico en tecnolog\u00eda, ofreciendo soluciones adaptadas a tus necesidades y proporcion\u00e1ndote la tranquilidad de saber que tu infraestructura IT est\u00e1 en manos expertas.<\/p>\n\n\n\n<div class=\"wp-block-buttons is-layout-flex wp-block-buttons-is-layout-flex\">\n<div class=\"wp-block-button\"><a class=\"wp-block-button__link wp-element-button\" href=\"https:\/\/wa.me\/message\/5SGHMPJLBVECL1\">Clic Aqu\u00ed y conversemos<\/a><\/div>\n<\/div>\n\n\n<ul class=\"wp-block-page-list\"><li class=\"wp-block-pages-list__item\"><a class=\"wp-block-pages-list__item__link\" href=\"https:\/\/alfacentaurica.com\/?page_id=95\">Gesti\u00f3n Integral de Infraestructura IT: Tecnolog\u00eda en las Mejores Manos<\/a><\/li><li class=\"wp-block-pages-list__item\"><a class=\"wp-block-pages-list__item__link\" href=\"https:\/\/alfacentaurica.com\/?page_id=143\">Redes de Datos<\/a><\/li><li class=\"wp-block-pages-list__item\"><a class=\"wp-block-pages-list__item__link\" href=\"https:\/\/alfacentaurica.com\/?page_id=170\">Respaldo El\u00e9ctrico<\/a><\/li><li class=\"wp-block-pages-list__item\"><a class=\"wp-block-pages-list__item__link\" href=\"https:\/\/alfacentaurica.com\/?page_id=57\">Servidores Personalizados en la Nube: Seguridad y Eficiencia Sin Igual<\/a><\/li><li class=\"wp-block-pages-list__item\"><a class=\"wp-block-pages-list__item__link\" href=\"https:\/\/alfacentaurica.com\/?page_id=163\">Sistemas de Seguridad por Video Vigilancia<\/a><\/li><li class=\"wp-block-pages-list__item\"><a class=\"wp-block-pages-list__item__link\" href=\"https:\/\/alfacentaurica.com\/?page_id=58\">Soporte T\u00e9cnico Remoto: Eficiencia y Confiabilidad en Cada Conexi\u00f3n<\/a><\/li><\/ul>","protected":false},"excerpt":{"rendered":"<p>Nos encargamos de la gesti\u00f3n integral de tu infraestructura IT para que puedas centrarte en tu negocio. Supervisamos activamente tu infraestructura, asegurando que todo funcione sin problemas y tomando medidas preventivas para evitar interrupciones. La tecnolog\u00eda debe ser una herramienta para impulsar tu negocio, no una carga. Nos especializamos en la gesti\u00f3n integral de infraestructura [&hellip;]<\/p>\n","protected":false},"author":1,"featured_media":0,"parent":0,"menu_order":0,"comment_status":"closed","ping_status":"closed","template":"","meta":{"footnotes":""},"class_list":["post-95","page","type-page","status-publish","hentry"],"_links":{"self":[{"href":"https:\/\/alfacentaurica.com\/index.php?rest_route=\/wp\/v2\/pages\/95","targetHints":{"allow":["GET"]}}],"collection":[{"href":"https:\/\/alfacentaurica.com\/index.php?rest_route=\/wp\/v2\/pages"}],"about":[{"href":"https:\/\/alfacentaurica.com\/index.php?rest_route=\/wp\/v2\/types\/page"}],"author":[{"embeddable":true,"href":"https:\/\/alfacentaurica.com\/index.php?rest_route=\/wp\/v2\/users\/1"}],"replies":[{"embeddable":true,"href":"https:\/\/alfacentaurica.com\/index.php?rest_route=%2Fwp%2Fv2%2Fcomments&post=95"}],"version-history":[{"count":3,"href":"https:\/\/alfacentaurica.com\/index.php?rest_route=\/wp\/v2\/pages\/95\/revisions"}],"predecessor-version":[{"id":190,"href":"https:\/\/alfacentaurica.com\/index.php?rest_route=\/wp\/v2\/pages\/95\/revisions\/190"}],"wp:attachment":[{"href":"https:\/\/alfacentaurica.com\/index.php?rest_route=%2Fwp%2Fv2%2Fmedia&parent=95"}],"curies":[{"name":"wp","href":"https:\/\/api.w.org\/{rel}","templated":true}]}}